{"id":14,"date":"2012-11-17T16:58:44","date_gmt":"2012-11-17T16:58:44","guid":{"rendered":"http:\/\/localhost\/devel\/www\/www.activbody-v2.fr\/elliptigo\/?page_id=14"},"modified":"2023-05-21T11:48:37","modified_gmt":"2023-05-21T11:48:37","slug":"elliptigo-8c","status":"publish","type":"page","link":"http:\/\/www.activbody.fr\/elliptigo\/elliptigo-8c","title":{"rendered":"ElliptiGO 8C"},"content":{"rendered":"<h1>ElliptiGO 8C<\/h1>\n\n\n<div class=\"ngg-galleryoverview ngg-slideshow\"\n\t id=\"ngg-slideshow-c110d3fa5d0483d46852b844f0ebf5d5-6473445180\"\n     data-gallery-id=\"c110d3fa5d0483d46852b844f0ebf5d5\"\n     style=\"max-width: 980px; max-height: 300px;\">\n\n \t<div id=\"ngg-image-0\" class=\"ngg-gallery-slideshow-image\" style=\"height:300px\">\n\n        <a href=\"http:\/\/www.activbody.fr\/elliptigo\/wp-content\/gallery\/slider-elliptigo-8c\/slider-elliptigo8c-2.gif\"\n           title=\"ElliptiGO 8C Vue arri\u00e8re\"\n           data-src=\"http:\/\/www.activbody.fr\/elliptigo\/wp-content\/gallery\/slider-elliptigo-8c\/slider-elliptigo8c-2.gif\"\n           data-thumbnail=\"http:\/\/www.activbody.fr\/elliptigo\/wp-content\/gallery\/slider-elliptigo-8c\/thumbs\/thumbs_slider-elliptigo8c-2.gif\"\n           data-image-id=\"38\"\n           data-title=\"ElliptiGO 8C Vue arri\u00e8re\"\n           data-description=\"ElliptiGO 8C Vue arri\u00e8re\"\n           class='thickbox' rel='c110d3fa5d0483d46852b844f0ebf5d5'>\n\n            <img data-image-id='38'\n                 title=\"ElliptiGO 8C Vue arri\u00e8re\"\n                 alt=\"ElliptiGO 8C Vue arri\u00e8re\"\n                 src=\"http:\/\/www.activbody.fr\/elliptigo\/wp-content\/gallery\/slider-elliptigo-8c\/slider-elliptigo8c-2.gif\"\n                 style=\"max-height: 280px;\"\/>\n        <\/a>\n\n        <\/div> \n<div id=\"ngg-image-1\" class=\"ngg-gallery-slideshow-image\" style=\"height:300px\">\n\n        <a href=\"http:\/\/www.activbody.fr\/elliptigo\/wp-content\/gallery\/slider-elliptigo-8c\/slider-elliptigo8c-3.gif\"\n           title=\"ElliptiGO 8C Vert P\u00e9dalier\"\n           data-src=\"http:\/\/www.activbody.fr\/elliptigo\/wp-content\/gallery\/slider-elliptigo-8c\/slider-elliptigo8c-3.gif\"\n           data-thumbnail=\"http:\/\/www.activbody.fr\/elliptigo\/wp-content\/gallery\/slider-elliptigo-8c\/thumbs\/thumbs_slider-elliptigo8c-3.gif\"\n           data-image-id=\"39\"\n           data-title=\"ElliptiGO 8C Vert P\u00e9dalier\"\n           data-description=\"ElliptiGO 8C Vert P\u00e9dalier\"\n           class='thickbox' rel='c110d3fa5d0483d46852b844f0ebf5d5'>\n\n            <img data-image-id='39'\n                 title=\"ElliptiGO 8C Vert P\u00e9dalier\"\n                 alt=\"ElliptiGO 8C Vert P\u00e9dalier\"\n                 src=\"http:\/\/www.activbody.fr\/elliptigo\/wp-content\/gallery\/slider-elliptigo-8c\/slider-elliptigo8c-3.gif\"\n                 style=\"max-height: 280px;\"\/>\n        <\/a>\n\n        <\/div> \n<\/div>\n\n\n\n\n<p>&nbsp;<\/p>\n<p>Le mod\u00e8le 8C est destin\u00e9 aux utilisateurs r\u00e9guliers qui veulent faire des parcours sur terrains vallonn\u00e9s. Le cadre et le syst\u00e8me de propulsion sont les m\u00eames que sur les autres mod\u00e8les. Le syst\u00e8me de passage de vitesses permet de continuer \u00e0 courir lorsque vous voulez changer de vitesse<\/p>\n<ul>\n<li><strong>Ce mod\u00e8le est tr\u00e8s adapt\u00e9 aux personnes ayant un probl\u00e8me physique <\/strong>car vous pouvez r\u00e9gler pr\u00e9cis\u00e9ment la r\u00e9sistance, en fonction de la pr\u00e9sence ou non de la douleur.<\/li>\n<li><strong>Les sportifs tr\u00e8s entra\u00een\u00e9s<\/strong> pourront gravir tous les cols qu\u2019ils souhaitent avec <strong>l\u2019ElliptiGO<\/strong> 8C.<\/li>\n<\/ul>\n<table>\n<tbody>\n<tr>\n<td><strong>Nombre de vitesses : <\/strong><\/td>\n<td>8 (passage en p\u00e9dalant), moyeu Shimano<\/td>\n<\/tr>\n<tr>\n<td><strong>Couleurs:<\/strong><\/td>\n<td>noir, vert, rouge<\/td>\n<\/tr>\n<tr>\n<td><strong>Poids:<\/strong><\/td>\n<td>20 kg<\/td>\n<\/tr>\n<tr>\n<td><strong>Montage:<\/strong><\/td>\n<td>cadre aluminium, pi\u00e8ces Pro Lite, poign\u00e9es ergonomiques<\/td>\n<\/tr>\n<tr>\n<td><strong>Routes utilisables:<\/strong><\/td>\n<td>plat et mont\u00e9es dures<\/td>\n<\/tr>\n<tr>\n<td><strong>Poids limite d\u2019utilisation :<\/strong><\/td>\n<td>115 kg<\/td>\n<\/tr>\n<\/tbody>\n<\/table>\n<p><strong>Prix TTC: 2999,00 \u20ac&nbsp; <span style=\"color: #000000;\"><em>(<\/em><\/span><span style=\"color: #000000;\"><em>frais de livraison en sus).<\/em><\/span><\/strong><\/p>\n<p><em>(pour commander&nbsp;<a title=\"Contact\" href=\"http:\/\/www.activbody.fr\/elliptigo\/contact\">nous contacter<\/a>&nbsp;par mail ou en appelant Eric BOUVIER au 06 63 60 90 67)<\/em><\/p>\n<!-- default-view.php -->\n<div\n\tclass=\"ngg-galleryoverview default-view  ngg-ajax-pagination-none\"\n\tid=\"ngg-gallery-d169a164e980b3f1435a2c4032296d88-1\">\n\n\t\t<!-- Thumbnails -->\n\t\t\t\t<div id=\"ngg-image-0\" class=\"ngg-gallery-thumbnail-box \" >\n\t\t\t\t        <div class=\"ngg-gallery-thumbnail\">\n            <a href=\"http:\/\/www.activbody.fr\/elliptigo\/wp-content\/gallery\/slider-elliptigo-8c\/slider-elliptigo8c-2.gif\"\n               title=\"ElliptiGO 8C Vue arri\u00e8re\"\n               data-src=\"http:\/\/www.activbody.fr\/elliptigo\/wp-content\/gallery\/slider-elliptigo-8c\/slider-elliptigo8c-2.gif\"\n               data-thumbnail=\"http:\/\/www.activbody.fr\/elliptigo\/wp-content\/gallery\/slider-elliptigo-8c\/thumbs\/thumbs_slider-elliptigo8c-2.gif\"\n               data-image-id=\"38\"\n               data-title=\"ElliptiGO 8C Vue arri\u00e8re\"\n               data-description=\"ElliptiGO 8C Vue arri\u00e8re\"\n               data-image-slug=\"elliptigo-8c-vue-arriere-2\"\n               class='thickbox' rel='d169a164e980b3f1435a2c4032296d88'>\n                <img\n                    title=\"ElliptiGO 8C Vue arri\u00e8re\"\n                    alt=\"ElliptiGO 8C Vue arri\u00e8re\"\n                    src=\"http:\/\/www.activbody.fr\/elliptigo\/wp-content\/gallery\/slider-elliptigo-8c\/thumbs\/thumbs_slider-elliptigo8c-2.gif\"\n                    width=\"400\"\n                    height=\"122\"\n                    style=\"max-width:100%;\"\n                \/>\n            <\/a>\n        <\/div>\n\t\t\t\t\t\t\t<\/div> \n\t\t\t\n\t\t\t\t<div id=\"ngg-image-1\" class=\"ngg-gallery-thumbnail-box \" >\n\t\t\t\t        <div class=\"ngg-gallery-thumbnail\">\n            <a href=\"http:\/\/www.activbody.fr\/elliptigo\/wp-content\/gallery\/slider-elliptigo-8c\/slider-elliptigo8c-3.gif\"\n               title=\"ElliptiGO 8C Vert P\u00e9dalier\"\n               data-src=\"http:\/\/www.activbody.fr\/elliptigo\/wp-content\/gallery\/slider-elliptigo-8c\/slider-elliptigo8c-3.gif\"\n               data-thumbnail=\"http:\/\/www.activbody.fr\/elliptigo\/wp-content\/gallery\/slider-elliptigo-8c\/thumbs\/thumbs_slider-elliptigo8c-3.gif\"\n               data-image-id=\"39\"\n               data-title=\"ElliptiGO 8C Vert P\u00e9dalier\"\n               data-description=\"ElliptiGO 8C Vert P\u00e9dalier\"\n               data-image-slug=\"elliptigo-8c-vert-pedalier\"\n               class='thickbox' rel='d169a164e980b3f1435a2c4032296d88'>\n                <img\n                    title=\"ElliptiGO 8C Vert P\u00e9dalier\"\n                    alt=\"ElliptiGO 8C Vert P\u00e9dalier\"\n                    src=\"http:\/\/www.activbody.fr\/elliptigo\/wp-content\/gallery\/slider-elliptigo-8c\/thumbs\/thumbs_slider-elliptigo8c-3.gif\"\n                    width=\"400\"\n                    height=\"122\"\n                    style=\"max-width:100%;\"\n                \/>\n            <\/a>\n        <\/div>\n\t\t\t\t\t\t\t<\/div> \n\t\t\t\n\t\n\t<br style=\"clear: both\" \/>\n\n\t\n\t\t<!-- Pagination -->\n\t<div class='ngg-clear'><\/div>\t<\/div>\n\n","protected":false},"excerpt":{"rendered":"<p>ElliptiGO 8C &nbsp; Le mod\u00e8le 8C est destin\u00e9 aux utilisateurs r\u00e9guliers qui veulent faire des parcours sur terrains vallonn\u00e9s. Le cadre et le syst\u00e8me de propulsion sont les m\u00eames que sur les autres mod\u00e8les. Le syst\u00e8me de passage de vitesses permet de continuer \u00e0 courir lorsque vous voulez changer de vitesse Ce mod\u00e8le est tr\u00e8s&nbsp;<\/p>\n","protected":false},"author":1,"featured_media":0,"parent":0,"menu_order":2,"comment_status":"closed","ping_status":"closed","template":"page-full.php","meta":{"ngg_post_thumbnail":0},"_links":{"self":[{"href":"http:\/\/www.activbody.fr\/elliptigo\/wp-json\/wp\/v2\/pages\/14"}],"collection":[{"href":"http:\/\/www.activbody.fr\/elliptigo\/wp-json\/wp\/v2\/pages"}],"about":[{"href":"http:\/\/www.activbody.fr\/elliptigo\/wp-json\/wp\/v2\/types\/page"}],"author":[{"embeddable":true,"href":"http:\/\/www.activbody.fr\/elliptigo\/wp-json\/wp\/v2\/users\/1"}],"replies":[{"embeddable":true,"href":"http:\/\/www.activbody.fr\/elliptigo\/wp-json\/wp\/v2\/comments?post=14"}],"version-history":[{"count":35,"href":"http:\/\/www.activbody.fr\/elliptigo\/wp-json\/wp\/v2\/pages\/14\/revisions"}],"predecessor-version":[{"id":1208,"href":"http:\/\/www.activbody.fr\/elliptigo\/wp-json\/wp\/v2\/pages\/14\/revisions\/1208"}],"wp:attachment":[{"href":"http:\/\/www.activbody.fr\/elliptigo\/wp-json\/wp\/v2\/media?parent=14"}],"curies":[{"name":"wp","href":"https:\/\/api.w.org\/{rel}","templated":true}]}}